+ 51207, 3*v + 16*k - 51222 = 14*k. List the prime factors of v.
2, 11, 97
Let l(n) = 2*n**2 + 20*n - 18. Suppose -4*m - 3*v = -105, -4*v - v + 15 = 0. Let u be (-3*(-4)/m)/((-5)/(-70)). What are the prime factors of l(u)?
2, 5, 11
Suppose -8 = 4*c - 3*c. Let v be 9 + c - (0 - 0). Suppose -4*l = 3*g - 32, v + 1 = -2*l. List the prime factors of g.
2, 3
Let y be 14 - 9 - 3/3*-3212. Suppose 0 = 3*t + 4*j - 1686, -4*j - 969 = 4*t - y. What are the prime factors of t?
2, 281
Suppose 2*m - 5*s = 107, 3*m - 4*s + 2*s = 133. Suppose m*l - 14695 = -673. What are the prime factors of l?
2, 3, 19
Suppose -4*c = 3*b - 187495, -6*b - 796836 = -17*c - b. What are the prime factors of c?
19, 2467
Let z(u) = -26*u - 54. Let o be z(-3). Suppose 0 = 4*n - 5*m - 5153, -n + 1274 = 2*m - o. What are the prime factors of n?
2, 17, 19
Let j(p) = 34*p - 156. Let w be j(5). Let z(g) = 51*g - 70. List the prime factors of z(w).
2, 7, 23
Let b(o) = -2*o**2 - o + 109. Suppose -6 = -7*h + 6*h - 3*q, 3*q = h + 6. What are the prime factors of b(h)?
109
Let l(k) = k - 7*k + 38 - 25*k - 20. Let w be ((-12)/(-18))/((-4)/18). What are the prime factors of l(w)?
3, 37
Suppose 6*t = 1664 + 592. Let h = 73 + -17. Suppose 0 = -4*d + t + h. List the prime factors of d.
2, 3
Let i = 197 - -17. Let a = i - -536. Suppose 2*t - 53 = -4*d + 247, -3*d - a = -5*t. What are the prime factors of t?
2, 3, 5
Suppose -4*c + 217 = 197, 6744 = 3*i - 3*c. What are the prime factors of i?
3, 751
Suppose -368*t + 366*t + 77148 = 2*p, -3*t = p - 115716. List the prime factors of t.
3, 13, 23, 43
Let u(m) = m**3 - 5*m**2 + 3*m - 10. Let o be u(5). Suppose 2*d - 2009 = -o*d. What are the prime factors of d?
7, 41
List the prime factors of 13 + 996*20/5.
7, 571
Let m = 32310 + -18144. List the prime factors of m.
2, 3, 787
Suppose -4*r - 96 = 2*v + 2*v, 4*v + 90 = -2*r. Let u(c) = 2*c + 45. Let x be u(v). Suppose 7*k - 38 = 3*k - x*t, 10 = -5*t. What are the prime factors of k?
11
Let x(i) = 10*i**2 - 47*i + 23. Suppose -o - g = -13, -5*o + o = -3*g - 31. List the prime factors of x(o).
7, 79
Let b be 2/7 + (-738)/(-14). Suppose 0 = -4*u + b + 147. Suppose u*h = 52*h - 218. What are the prime factors of h?
109
What are the prime factors of 182884*9/108 + (-4)/3?
7, 311
Suppose 8*m - 2356 = 548. Let c = 538 + m. List the prime factors of c.
17, 53
Suppose -4*s + 1218 = 3*o, 13*o - 3*s = 16*o - 1215. Let b = o - -913. What are the prime factors of b?
5, 263
Let w(u) = 4*u - 12. Let p be w(4). Suppose -z - z + 512 = y, -p*z - 524 = -y. List the prime factors of y.
2, 3, 43
Let o(u) = 3*u + 24. Suppose -y = -2*w - 16, 0 = 2*y - w + 3*w - 2. Let t be o(y). Let s = 40 + t. What are the prime factors of s?
2, 41
Let q(w) = -128*w + 1064. List the prime factors of q(-33).
2, 661
Suppose v = -27*v - v + 351973. List the prime factors of v.
53, 229
Let c be (186/(-15))/((-1)/(-5)). Suppose -9*x = -12 - 1041. Let k = c + x. List the prime factors of k.
5, 11
Let i be (2 + 0/2)/(16/(-1816)). Let h = 642 + i. What are the prime factors of h?
5, 83
Suppose -5*k - 3666 = -o + 2106, -2*o + 11539 = -5*k. What are the prime factors of o?
73, 79
Let j = 13103 + -1674. Suppose 15*b - j + 3674 = 0. List the prime factors of b.
11, 47
Let w(q) be the third derivative of q**4/24 - 13*q**3/6 + 24*q**2. Let g be w(18). Suppose -3*z = -g*z + 116. List the prime factors of z.
2, 29
Let c(f) = -f**3 + 20*f**2 - 36*f + 4. Suppose -5*j = 65 - 155. Let k be c(j). Suppose 393 = 4*d + 3*a - 134, k*a = 4*d - 520. What are the prime factors of d?
131
Let c be 7 + 0 + 18 + -19. Suppose 0 = l + c - 9, 4*y - 1451 = -5*l. What are the prime factors of y?
359
Suppose -164*c - 4858 = -157*c. Let j = -302 - c. What are the prime factors of j?
2, 7
Suppose 0 = 191*z + 71*z - 2422195 - 1427633. List the prime factors of z.
2, 3, 31, 79
Let j be (91/28)/13 + 3822/8. Suppose j = -45*t + 47*t. What are the prime factors of t?
239
List the prime factors of 2/(-18) + ((-1117)/(-3))/((-132)/(-6776)).
3, 23, 277
Suppose 2643*k - 45357 = 2642*k. List the prime factors of k.
3, 13, 1163
Let y = -42 - -48. Let x(l) = -l + 10. Let f be x(y). Suppose 4*z = 2*v + 1164, f*z + 0*z = v + 1162. What are the prime factors of z?
2, 5, 29
Let t = -12833 - -18066. List the prime factors of t.
5233
Let a(r) be the first derivative of r**4/4 + 2*r**3 - 7*r**2/2 - 2*r + 6. Let x be a(-7). Let u(k) = -42*k + 25. What are the prime factors of u(x)?
109
Let i(a) = 8414*a**2 - 99*a + 97. What are the prime factors of i(1)?
2, 3, 701
Let q be 1308/66 - (-4)/22. Suppose q*z - 903 + 243 = 0. What are the prime factors of z?
3, 11
Let i be (-4 + (-116)/(-28))*7. Let x(q) = 532*q + 7. What are the prime factors of x(i)?
7, 11
Suppose -4*a + 4*j = -24, -3*j + 12 = -4*a + 33. Let d be (-60)/9*(a/(-6) + -1). List the prime factors of 1166/d + (5 - (-161)/(-35)).
3, 13
Suppose 0 = -19*f - f + 80. Suppose f*p - 477 = 771. What are the prime factors of p?
2, 3, 13
Let v = -58 + 194. Suppose -104 = 12*j + v. List the prime factors of (67 + j)/(1/3*1).
3, 47
Let i(r) = -985*r - 9789. List the prime factors of i(-52).
13, 3187
Suppose -1345244 = -117*c - 249773. List the prime factors of c.
3, 3121
Let g = -2725 + 4044. List the prime factors of g.
1319
List the prime factors of 4/13 + 14709268/3458.
2, 3, 709
Suppose 5*s + 18 = 2*l, -7*l + 4*l - 4*s + 4 = 0. Suppose -201 + 765 = l*q + 4*u, 2*q - 276 = 4*u. Let n = -58 + q. What are the prime factors of n?
2, 41
Let c = 667 + -623. Suppose 0 = -c*o + 39*o + 215. What are the prime factors of o?
43
Let u = -51283 - -85576. List the prime factors of u.
3, 7, 23, 71
Suppose 11*r - 20 = 90. Let u = r + 157. Let m = u + -92. List the prime factors of m.
3, 5
Let d(r) = -r**3 - r**2 + 3*r - 2. Let x be d(1). Let n be -8*-4*(x - (-27)/8). Let i = n + -41. List the prime factors of i.
5, 7
Let w = -38 + 40. Let x = -7 + w. List the prime factors of (3*x)/(-4*(-12)/(-256)).
2, 5
Let i = 7361 - 3904. What are the prime factors of i?
3457
List the prime factors of -20 + (-56050)/(-10) + (-1 - -2).
2, 3, 7, 19
List the prime factors of -11292*(125/(-150))/(5/28).
2, 7, 941
Let f = 182 + -32. Let p be (1079/4)/1 + (-47)/(-188). Suppose -f - p = -4*x. List the prime factors of x.
3, 5, 7
Suppose 112 = 14*v - 28. Suppose -v*f = 64 - 894. List the prime factors of f.
83
Let x(q) = 2*q**3 + 5*q**2 - 17. Let u be x(8). Suppose 0 = -3*y + u + 506. What are the prime factors of y?
13, 47
What are the prime factors of (-2*(-4 + (-5122)/16))/(22/88)?
2593
Suppose 0 = 6*z - 3*z + 3*b - 15, -2*z + 4*b = -10. Suppose 3*r + 4*n + 3 = 2*n, -z*r = -n + 5. List the prime factors of (-3)/2*(r + -1)*41.
3, 41
Suppose 1173*c = 4*w + 1168*c - 65089, -c = 4*w - 65083. List the prime factors of w.
53, 307
Suppose 0 = -89*r + 97*r - 50840. What are the prime factors of r?
5, 31, 41
Suppose 4*d - 12 = -5*i, 0 = -4*d - i - 3 + 15. Suppose 0 = -3*o - 2*t + 3787, t - 5046 = -d*o - o. What are the prime factors of o?
13, 97
Let o(p) = -6 + 22 + 3*p**2 + 20*p + 9 + 24. List the prime factors of o(13).
2, 3, 17
Let g = 47 + -37. List the prime factors of 105/g*(-966)/(-9).
7, 23
Suppose 4*g + n = 93382, 3*g - 7*n - 70030 = -11*n. List the prime factors of g.
2, 3, 1297
Let s(a) be the first derivative of -a**2 - a - 6 + 4/3*a**3. What are the prime factors of s(-3)?
41
Let a(v) = 3*v**2 - 23*v + 12. Suppose -8*s = -13*s + 235. Let r = s - 38. List the prime factors of a(r).
2, 3
Suppose 264*a - 292*a = -616784. What are the prime factors of a?
2, 5507
Suppose -22 = -0*q - 5*q - 4*o, 3*o - 3 = 3*q. Suppose 2 = 2*d - q. Suppose 4*j - 81 - 63 = 4*p, -d*p = -j + 33. List the prime factors of j.
3, 13
Let x(m) = m + 11. Let f be x(-9). Let v(r) = -r**3 + f + 9*r + 10 - r - 9*r**2. What are the prime factors of v(-10)?
2
Let l(t) = 17*t - 8*t + 2 + 3 + 6. Let q be l(4). Let u = q - -14. List the prime factors of u.
61
Let w = -66 + 42. Let s be -2 + 4/10 + w/10. What are the prime factors of (113/s)/(2 - (-36)/(-16))?
113
Suppose 69 = 4*m - 3*c, 0*c = 3*c + 9. Suppose m*s = -10*s + 38400. List the prime factors of s.
2, 3
Suppose -17*y = y - 43038. Suppose -a - 2*k = -600, 4*a + 0*k = -5*k + y. What are the prime factors of a?
2, 3, 11
Suppose 4*g + 2 = 18. Suppose c = -s + 48, 